{"id":4372,"date":"2019-12-28T13:03:25","date_gmt":"2019-12-28T16:03:25","guid":{"rendered":"https:\/\/www.aussiestar.com.br\/conteudo\/?page_id=4372"},"modified":"2019-12-28T13:50:11","modified_gmt":"2019-12-28T16:50:11","slug":"legal","status":"publish","type":"page","link":"https:\/\/www.aussiestar.com.br\/conteudo\/legal\/","title":{"rendered":"Informa\u00e7\u00f5es legais"},"content":{"rendered":"\n    <section>\n        <div class=\"container\">\n            <div class=\"row\">\n                <div class=\"col-sm-4\">\n                    <div class=\"feature feature-4 boxed boxed--lg boxed--border\">\n                        \n                            <h4>Termos de Uso<\/h4>\n                            <hr>\n                            <p>Termos gerais de uso do site para todos os usu\u00e1rios<\/p>\n                        \n                        <a class=\"btn btn--primary\" href=\"https:\/\/www.aussiestar.com.br\/conteudo\/legal\/termos-de-uso\/\" target=\"\" title=\"\" rel=\"\"> <span class=\"btn__text\">\n                            Acessar<\/span> <\/a>\n                    <\/div>\n                    <!--end feature-->\n                <\/div>\n                <div class=\"col-sm-4\">\n                    <div class=\"feature feature-4 boxed boxed--lg boxed--border\">\n                        \n                            <h4>Pol\u00edtica de Privacidade<\/h4>\n                            <hr>\n                            <p>Nossa pol\u00edtica para o manejo de informa\u00e7\u00f5es dos usu\u00e1rios do site<\/p>\n                        \n                        <a class=\"btn btn--primary\" href=\"https:\/\/www.aussiestar.com.br\/conteudo\/legal\/politica-de-privacidade\/\" target=\"\" title=\"\" rel=\"\"> <span class=\"btn__text\">\n                            Acessar<\/span> <\/a>\n                    <\/div>\n                    <!--end feature-->\n                <\/div>\n                <div class=\"col-sm-4\">\n                    <div class=\"feature feature-4 boxed boxed--lg boxed--border\">\n                        \n                            <h4>Contrato de Servi\u00e7o<\/h4>\n                            <hr>\n                            <p>Nosso contrato para presta\u00e7\u00e3o de servi\u00e7os oferecidos por nossa empresa<\/p>\n                        \n                        <a class=\"btn btn--primary\" href=\"https:\/\/www.aussiestar.com.br\/conteudo\/legal\/contrato-de-prestacao-de-servicos\/\" target=\"\" title=\"\" rel=\"\"> <span class=\"btn__text\">\n                            Acessar<\/span> <\/a>\n                    <\/div>\n                    <!--end feature-->\n                <\/div>\n            <\/div>\n            <!--end of row-->\n        <\/div>\n        <!--end of container-->\n    <\/section>\n    \n","protected":false},"excerpt":{"rendered":"<p>Termos de Uso Termos gerais de uso do site para todos os usu\u00e1rios Acessar Pol\u00edtica de Privacidade Nossa pol\u00edtica para o manejo&#8230;<\/p>\n","protected":false},"author":1,"featured_media":0,"parent":0,"menu_order":0,"comment_status":"closed","ping_status":"closed","template":"","meta":{"footnotes":""},"class_list":["post-4372","page","type-page","status-publish","hentry"],"_links":{"self":[{"href":"https:\/\/www.aussiestar.com.br\/conteudo\/wp-json\/wp\/v2\/pages\/4372","targetHints":{"allow":["GET"]}}],"collection":[{"href":"https:\/\/www.aussiestar.com.br\/conteudo\/wp-json\/wp\/v2\/pages"}],"about":[{"href":"https:\/\/www.aussiestar.com.br\/conteudo\/wp-json\/wp\/v2\/types\/page"}],"author":[{"embeddable":true,"href":"https:\/\/www.aussiestar.com.br\/conteudo\/wp-json\/wp\/v2\/users\/1"}],"replies":[{"embeddable":true,"href":"https:\/\/www.aussiestar.com.br\/conteudo\/wp-json\/wp\/v2\/comments?post=4372"}],"version-history":[{"count":4,"href":"https:\/\/www.aussiestar.com.br\/conteudo\/wp-json\/wp\/v2\/pages\/4372\/revisions"}],"predecessor-version":[{"id":4379,"href":"https:\/\/www.aussiestar.com.br\/conteudo\/wp-json\/wp\/v2\/pages\/4372\/revisions\/4379"}],"wp:attachment":[{"href":"https:\/\/www.aussiestar.com.br\/conteudo\/wp-json\/wp\/v2\/media?parent=4372"}],"curies":[{"name":"wp","href":"https:\/\/api.w.org\/{rel}","templated":true}]}}